{"id":418,"date":"2020-05-07T18:19:23","date_gmt":"2020-05-07T18:19:23","guid":{"rendered":"https:\/\/txakoliarritxola.com\/?page_id=418"},"modified":"2023-01-13T07:05:49","modified_gmt":"2023-01-13T07:05:49","slug":"condiciones-generales-de-venta","status":"publish","type":"page","link":"https:\/\/txakoliarritxola.com\/?page_id=418","title":{"rendered":"CONDICIONES GENERALES DE COMPRA"},"content":{"rendered":"\t\t<div data-elementor-type=\"wp-page\" data-elementor-id=\"418\" class=\"elementor elementor-418\">\n\t\t\t\t\t\t<section class=\"elementor-section elementor-top-section elementor-element elementor-element-002d583 elementor-section-boxed elementor-section-height-default elementor-section-height-default\" data-id=\"002d583\" data-element_type=\"section\">\n\t\t\t\t\t\t<div class=\"elementor-container elementor-column-gap-default\">\n\t\t\t\t\t<div class=\"elementor-column elementor-col-100 elementor-top-column elementor-element elementor-element-1899434\" data-id=\"1899434\" data-element_type=\"column\">\n\t\t\t<div class=\"elementor-widget-wrap elementor-element-populated\">\n\t\t\t\t\t\t<div class=\"elementor-element elementor-element-fe32dfc elementor-widget elementor-widget-heading\" data-id=\"fe32dfc\" data-element_type=\"widget\" data-widget_type=\"heading.default\">\n\t\t\t\t<div class=\"elementor-widget-container\">\n\t\t\t<h2 class=\"elementor-heading-title elementor-size-xl\">CONDICIONES GENERALES DE COMPRA<\/h2>\t\t<\/div>\n\t\t\t\t<\/div>\n\t\t\t\t\t<\/div>\n\t\t<\/div>\n\t\t\t\t\t<\/div>\n\t\t<\/section>\n\t\t\t\t<section class=\"elementor-section elementor-top-section elementor-element elementor-element-0174a69 elementor-section-boxed elementor-section-height-default elementor-section-height-default\" data-id=\"0174a69\" data-element_type=\"section\">\n\t\t\t\t\t\t<div class=\"elementor-container elementor-column-gap-default\">\n\t\t\t\t\t<div class=\"elementor-column elementor-col-100 elementor-top-column elementor-element elementor-element-b32bc74\" data-id=\"b32bc74\" data-element_type=\"column\">\n\t\t\t<div class=\"elementor-widget-wrap elementor-element-populated\">\n\t\t\t\t\t\t<div class=\"elementor-element elementor-element-d51f9ac elementor-widget elementor-widget-text-editor\" data-id=\"d51f9ac\" data-element_type=\"widget\" data-widget_type=\"text-editor.default\">\n\t\t\t\t<div class=\"elementor-widget-container\">\n\t\t\t\t\t\t\t<p><u>CONDICIONES DE COMPRA<\/u><\/p><p>Le recomendamos que lea detenidamente las presentes Condiciones de Uso as\u00ed como el aviso legal que consta en esta web, para participar, como usuario, de una forma responsable y garantizando que se cumplen todas las condiciones expuestas a continuaci\u00f3n, aceptando con su uso por parte del usuario de las presentes condiciones as\u00ed como de lo expuesto en el texto de aviso legal de la presente.<\/p><p>Por ello, se recomienda al Usuario leer el mismo atentamente cada vez que acceda al Sitio Web.<\/p><p><u>Usuarios<\/u><\/p><ul><li>Por la naturaleza del Sitio Web, as\u00ed como de su contenido y finalidad, la navegaci\u00f3n que se puede llevar a cabo por el mismo puede ser gozando o no de la condici\u00f3n de USUARIO.<\/li><li>Pero para la adquisici\u00f3n de sus productos se requiere el registro como usuario de esta web.<\/li><li>Toda la persona que lo desee y que sea mayor de 18 a\u00f1os con suficiente capacidad de obrar puede crear su propia cuenta, introduciendo la totalidad de los datos que se solicitan en el apartado \u201cIniciar sesi\u00f3n\u201d<\/li><li>El usuario con la cumplimentaci\u00f3n de sus datos declara que todos los facilitados son ciertos, actualizados y corresponden a su persona, y autoriza al tratamiento de sus datos de acuerdo a lo detallado en el aviso legal al respecto de protecci\u00f3n de datos que puede visionar <span style=\"color: #333399;\"><a style=\"color: #333399;\" href=\"https:\/\/txakoliarritxola.com\/?page_id=394\" target=\"_blank\" rel=\"noopener\">en este enlace.<\/a><\/span><\/li><li>Una vez completado el procedimiento el usuario podr\u00e1 acceder a su \u00e1rea personal, donde podr\u00e1 visualizar su historial de pedidos y compras, el detalle de transacciones, as\u00ed como sus datos de car\u00e1cter personal. En cualquier momento el USUARIO\u00a0 podr\u00e1 realizar las modificaciones que considere conveniente, as\u00ed como dar de baja la cuenta.<\/li><li>Para poder autentificarse en esta web, se dispondr\u00e1 de un nombre de usuario y contrase\u00f1a que ser\u00e1 elegido por el propio usuario y que le permitir\u00e1 acceder a un \u00e1rea personal.<\/li><li>La contrase\u00f1a debe ser personal, secreta e intransferible, no estando permitida ni recomendada la cesi\u00f3n, ni siquiera temporal, a terceros. Por ello, el usuario se compromete a hacer un uso diligente y a mantener en secreto la misma, asumiendo toda responsabilidad por las consecuencias de su divulgaci\u00f3n a terceros al permitir o no tener el cuidado necesario para evitar que terceras personas puedan tener conocimiento de ella.<\/li><li>En el supuesto de que el usuario conozca o sospeche del uso de su contrase\u00f1a por terceros, deber\u00e1 modificarla de forma inmediata en su \u00e1rea personal de la web o notificarlo inmediatamente a TXAKOLI ARRITXOLA CB para que proceda a su modificaci\u00f3n.<\/li><\/ul><p><u>Procedimiento de compra<\/u><\/p><ul><li>Para poder realizar una compra en este sitio web se debe acceder a su cuenta de usuario.<\/li><li>Los precios publicados son v\u00e1lidos salvo en caso de error tipogr\u00e1fico. Los precios, las caracter\u00edsticas y la disponibilidad de los productos comercializados por el sitio Web pueden variar. Ante este hecho se le informar\u00e1 al cliente antes de aceptar cualquier pedido.<\/li><li>El precio del producto es el que est\u00e1 en vigor en el momento de la aceptaci\u00f3n del pedido. Los precios indicados en nuestra Web incluyen IVA u otras tasas o impuestos.<\/li><li>Una vez seleccionado el producto que se quiere adquirir, este podr\u00e1 ser abonado mediante el sistema Pay Pal o tarjeta de cr\u00e9dito.<\/li><li>Si el procedimiento de pago se realizar\u00e1 a trav\u00e9s de <em>Pay Pal<\/em> se remitir\u00e1 a la plataforma de este medio de pago, siendo necesario acceder como usuario a su propia cuenta y confirma el pago, seg\u00fan las instrucciones de la propia plataforma, quien informar\u00e1 y abonar\u00e1 a TXAKOLI ARRITXOLA CB el correcto pago o incidencia producida en la misma.<\/li><li>Si desea realizar el pago <em>con tarjeta bancaria<\/em>, el sitio web le redirigir\u00e1 a una plataforma de pago, que funciona mediante las m\u00e1ximas medidas de seguridad disponible; y quien ser\u00e1 el que valide el correcto pago, comunic\u00e1ndolo a TXAKOLI ARRITXOLA CB quien no almacenar\u00e1 ning\u00fan dato bancario del cliente.<\/li><li>Una vez comprobado que el procedimiento de pago se ha realizado de forma satisfactoria por cualquier de los medios disponibles, TXAKOLI ARRITXOLA CB emitir\u00e1 el correspondiente comprobante de compra a la direcci\u00f3n de correo electr\u00f3nico facilitada por el usuario.<\/li><li>En ning\u00fan caso, TXAKOLI ARRITXOLA CB emitir\u00e1 el comprobante por otro medio diferente al correo electr\u00f3nico, siendo necesario ponerse en contacto con este departamento de atenci\u00f3n al cliente si en el plazo de 48 horas no ha recibido comunicaci\u00f3n alguna por nuestra parte, recomendando que previamente se consulte la carpeta de \u201ccorreos no deseados\u201d de su correo electr\u00f3nico.<\/li><\/ul><p><em><u>Entrega del producto<\/u><\/em><\/p><ul><li>El usuario, en el procedimiento de compra, indicar\u00e1 si desea recoger en nuestra bodega sita en Eguzkitza 20 de 48200 Durango (Bizkaia) o designar\u00e1 una direcci\u00f3n donde desea que sea remitido el pedido realizado.<\/li><li>El pedido ser\u00e1 remitido por una empresa de mensajer\u00eda por parte de TXAKOLI ARRITXOLA CB y siendo a cargo del usuario \u2013 cliente los gastos que correspondan para el env\u00edo del producto y que se especifican en el procedimiento de compra, y que ser\u00e1 aceptado por el usuario al finalizar la compra y abonar \u00e9sta.<\/li><li>Los gastos de env\u00edo\u00a0 son detallados en el procedimiento de compra, siendo distintos dependiendo del volumen, tama\u00f1o y lugar de env\u00edo.<\/li><li>La entrega se entender\u00e1 realizada cuando el pedido sea entregado en el domicilio indicado por el Usuario, con independencia de que la persona que lo recoja sea o no el propio destinatario.<\/li><\/ul><p><u>Desistimiento:<\/u><\/p><ul><li>De conformidad con la normativa de defensa de los consumidores y los usuarios, una vez realizada la compra el usuario dispone de 14 d\u00edas naturales para ejercer su derecho de desistimiento desde la recepci\u00f3n en el domicilio indicado del producto adquirido TXAKOLI ARRITXOLA CB; siempre y cuando el usuario ostente la condici\u00f3n de usuario final de acuerdo a la normativa aplicable y no se trate de un producto personalizado o que corresponda a una de las excepciones al derecho de desistimiento previstas por la normativa de defensa de los consumidores y usuarios.<\/li><li>Debe de comunicar la intenci\u00f3n de formalizar el desistimiento dentro de este plazo completando este formulario:\u00a0\u00a0<\/li><\/ul><table><tbody><tr><td width=\"476\"><p><em>FORMULARIO DESENTIMIENTO (a cumplimentar y enviar)<\/em><\/p><p><em>\u00a0<\/em><\/p><p><em>TXAKOLI ARRITXOLA CB<\/em><\/p><p><em>a\/ a Atenci\u00f3n al cliente<\/em><\/p><p><em>Eguzkitza 20 <\/em><\/p><p><em>48200 Durango. Bizkaia<\/em><\/p><p><a href=\"mailto:txakoliarritxola@gmail.com\"><em>txakoliarritxola@gmail.com<\/em><\/a><\/p><p><em>\u00a0<\/em><\/p><p><em>Por la presente le comunico que desisto de mi contrato de compra del siguiente bien o bienes \u2013 indicar aquellos que se dispongan- <\/em><\/p><p><em>Referencia n. <\/em><\/p><p><em>Perteneciente al pedido n.\u00a0\u00a0\u00a0\u00a0\u00a0\u00a0\u00a0\u00a0\u00a0\u00a0\u00a0\u00a0\u00a0\u00a0\u00a0\u00a0\u00a0\u00a0 de fecha de compra<\/em><\/p><p><em>Nombre del comprador<\/em><\/p><p><em>Domicilio del comprador<\/em><\/p><p><em>Si se remiti\u00f3 a direcci\u00f3n distinta indicar: <\/em><\/p><p>&#8211;\u00a0\u00a0\u00a0\u00a0\u00a0\u00a0\u00a0\u00a0\u00a0 <em>nombre destinatario<\/em><\/p><p>&#8211;\u00a0\u00a0\u00a0\u00a0\u00a0\u00a0\u00a0\u00a0\u00a0 <em>domicilio del destinatario<\/em><\/p><p><em>\u00a0<\/em><\/p><p><em>Firma del consumidor\u00a0\u00a0\u00a0\u00a0\u00a0\u00a0\u00a0\u00a0\u00a0\u00a0\u00a0\u00a0\u00a0\u00a0\u00a0\u00a0\u00a0\u00a0\u00a0\u00a0\u00a0\u00a0\u00a0\u00a0\u00a0\u00a0\u00a0\u00a0\u00a0\u00a0\u00a0\u00a0\u00a0\u00a0\u00a0\u00a0\u00a0\u00a0\u00a0\u00a0\u00a0\u00a0\u00a0\u00a0\u00a0 Fecha<\/em><\/p><p><em>(s\u00f3lo si se remite en papel)<\/em><\/p><\/td><\/tr><\/tbody><\/table><p>o mandar un email a <a href=\"mailto:txakoliarritxola@gmail.com\"><em>txakoliarritxola@gmail.com<\/em><\/a> \u00a0indicando su deseo de desistir de su compra indicando los datos relativos al pedido que se conozcan.<\/p><ul><li>Una vez recibida su petici\u00f3n, ser\u00e1 informado del procedimiento que se realizar\u00e1 para devolver los productos as\u00ed como la direcci\u00f3n donde deben ser devueltos a cargo del cliente; y que una vez recibidos y verificados que cumple las condiciones anteriormente expuestas, ser\u00e1 cuando se devuelva el importe abonado.<\/li><li>Los gastos de devoluci\u00f3n del producto que haga generado el desistimiento de la compra siempre ser\u00e1n a cargo del cliente; salvo que se trate de un supuesto de error por parte de TXAKOLI ARRITXOLA CB quien asumir\u00e1 todos los costes.<\/li><li>Una vez finalizado este plazo, TXAKOLI ARRITXOLA CB no acepta devoluciones por desistimiento en los servicios adquiridos.<\/li><\/ul><p><u>Resoluci\u00f3n De Conflicto: <\/u><\/p><ul><li>Se informa que TXAKOLI ARRITXOLA CB no consta adherida a ninguna\u00a0 plataforma de resoluci\u00f3n de conflictos en materia de consumo o de arbitraje, estando a la disposici\u00f3n de sus usuarios-clientes en los canales de atenci\u00f3n al cliente que constan en la Web.<\/li><li>Pero de conformidad con el Reglamento 524\/2013 del Parlamento Europeo y del Consejo, de 21 de mayo de 2013, sobre resoluci\u00f3n de litigios en l\u00ednea en materia de consumo, se informa de la existencia de una plataforma europea para la resoluci\u00f3n de conflictos, que podr\u00e1 ser utilizada en el \u00e1mbito del comercio electr\u00f3nico; pudiendo obtener m\u00e1s informaci\u00f3n en :<\/li><\/ul><p><a href=\"https:\/\/webgate.ec.europa.eu\/odr\/main\/?event=main.home.show\">https:\/\/webgate.ec.europa.eu\/odr\/main\/?event=main.home.show<\/a>.<\/p><p><u>Cambios en esta pol\u00edtica<\/u><\/p><ul><li>En caso de modificaci\u00f3n de esta Pol\u00edtica, publicaremos esos cambios en esta secci\u00f3n, la p\u00e1gina principal del Sitio, y otros lugares que sean considerados apropiados para notificar a los Usuarios sobre los cambios.<\/li><li>TXAKOLI ARRITXOLA CB se reserva el derecho a modificar esta Pol\u00edtica en cualquier momento, a cuyo efecto los Usuarios deber\u00e1n tomar conocimiento de la misma en forma regular, recurriendo a la lectura de la misma con una frecuencia no menor a una vez a la semana.<\/li><\/ul>\t\t\t\t\t\t<\/div>\n\t\t\t\t<\/div>\n\t\t\t\t\t<\/div>\n\t\t<\/div>\n\t\t\t\t\t<\/div>\n\t\t<\/section>\n\t\t\t\t<\/div>\n\t\t","protected":false},"excerpt":{"rendered":"<p>CONDICIONES GENERALES DE COMPRA CONDICIONES DE COMPRA Le recomendamos que lea detenidamente las presentes Condiciones de Uso as\u00ed como el aviso legal que consta en esta web, para participar, como usuario, de una forma responsable y garantizando que se cumplen todas las condiciones expuestas a continuaci\u00f3n, aceptando con su uso por parte del usuario de [&hellip;]<\/p>\n","protected":false},"author":1,"featured_media":0,"parent":0,"menu_order":0,"comment_status":"closed","ping_status":"closed","template":"elementor_header_footer","meta":{"om_disable_all_campaigns":false,"_monsterinsights_skip_tracking":false,"_monsterinsights_sitenote_active":false,"_monsterinsights_sitenote_note":"","_monsterinsights_sitenote_category":0,"_uf_show_specific_survey":0,"_uf_disable_surveys":false,"footnotes":""},"class_list":["post-418","page","type-page","status-publish","hentry"],"aioseo_notices":[],"yoast_head":"<!-- This site is optimized with the Yoast SEO plugin v23.5 - https:\/\/yoast.com\/wordpress\/plugins\/seo\/ -->\n<title>CONDICIONES GENERALES DE COMPRA - Bodega Txakoli Arritxola upategia<\/title>\n<meta name=\"robots\" content=\"index, follow, max-snippet:-1, max-image-preview:large, max-video-preview:-1\" \/>\n<link rel=\"canonical\" href=\"https:\/\/txakoliarritxola.com\/?page_id=418\" \/>\n<meta property=\"og:locale\" content=\"es_ES\" \/>\n<meta property=\"og:type\" content=\"article\" \/>\n<meta property=\"og:title\" content=\"CONDICIONES GENERALES DE COMPRA - Bodega Txakoli Arritxola upategia\" \/>\n<meta property=\"og:description\" content=\"CONDICIONES GENERALES DE COMPRA CONDICIONES DE COMPRA Le recomendamos que lea detenidamente las presentes Condiciones de Uso as\u00ed como el aviso legal que consta en esta web, para participar, como usuario, de una forma responsable y garantizando que se cumplen todas las condiciones expuestas a continuaci\u00f3n, aceptando con su uso por parte del usuario de [&hellip;]\" \/>\n<meta property=\"og:url\" content=\"https:\/\/txakoliarritxola.com\/?page_id=418\" \/>\n<meta property=\"og:site_name\" content=\"Bodega Txakoli Arritxola upategia\" \/>\n<meta property=\"article:modified_time\" content=\"2023-01-13T07:05:49+00:00\" \/>\n<meta name=\"twitter:card\" content=\"summary_large_image\" \/>\n<meta name=\"twitter:label1\" content=\"Tiempo de lectura\" \/>\n\t<meta name=\"twitter:data1\" content=\"7 minutos\" \/>\n<script type=\"application\/ld+json\" class=\"yoast-schema-graph\">{\"@context\":\"https:\/\/schema.org\",\"@graph\":[{\"@type\":\"WebPage\",\"@id\":\"https:\/\/txakoliarritxola.com\/?page_id=418\",\"url\":\"https:\/\/txakoliarritxola.com\/?page_id=418\",\"name\":\"CONDICIONES GENERALES DE COMPRA - Bodega Txakoli Arritxola upategia\",\"isPartOf\":{\"@id\":\"https:\/\/txakoliarritxola.com\/#website\"},\"datePublished\":\"2020-05-07T18:19:23+00:00\",\"dateModified\":\"2023-01-13T07:05:49+00:00\",\"breadcrumb\":{\"@id\":\"https:\/\/txakoliarritxola.com\/?page_id=418#breadcrumb\"},\"inLanguage\":\"es\",\"potentialAction\":[{\"@type\":\"ReadAction\",\"target\":[\"https:\/\/txakoliarritxola.com\/?page_id=418\"]}]},{\"@type\":\"BreadcrumbList\",\"@id\":\"https:\/\/txakoliarritxola.com\/?page_id=418#breadcrumb\",\"itemListElement\":[{\"@type\":\"ListItem\",\"position\":1,\"name\":\"Portada\",\"item\":\"https:\/\/txakoliarritxola.com\/\"},{\"@type\":\"ListItem\",\"position\":2,\"name\":\"CONDICIONES GENERALES DE COMPRA\"}]},{\"@type\":\"WebSite\",\"@id\":\"https:\/\/txakoliarritxola.com\/#website\",\"url\":\"https:\/\/txakoliarritxola.com\/\",\"name\":\"Bodega Txakoli Arritxola upategia\",\"description\":\"Txakoli y destilados exclusivos en la Ribera del Ibaizabal\",\"potentialAction\":[{\"@type\":\"SearchAction\",\"target\":{\"@type\":\"EntryPoint\",\"urlTemplate\":\"https:\/\/txakoliarritxola.com\/?s={search_term_string}\"},\"query-input\":{\"@type\":\"PropertyValueSpecification\",\"valueRequired\":true,\"valueName\":\"search_term_string\"}}],\"inLanguage\":\"es\"}]}<\/script>\n<!-- \/ Yoast SEO plugin. -->","yoast_head_json":{"title":"CONDICIONES GENERALES DE COMPRA - Bodega Txakoli Arritxola upategia","robots":{"index":"index","follow":"follow","max-snippet":"max-snippet:-1","max-image-preview":"max-image-preview:large","max-video-preview":"max-video-preview:-1"},"canonical":"https:\/\/txakoliarritxola.com\/?page_id=418","og_locale":"es_ES","og_type":"article","og_title":"CONDICIONES GENERALES DE COMPRA - Bodega Txakoli Arritxola upategia","og_description":"CONDICIONES GENERALES DE COMPRA CONDICIONES DE COMPRA Le recomendamos que lea detenidamente las presentes Condiciones de Uso as\u00ed como el aviso legal que consta en esta web, para participar, como usuario, de una forma responsable y garantizando que se cumplen todas las condiciones expuestas a continuaci\u00f3n, aceptando con su uso por parte del usuario de [&hellip;]","og_url":"https:\/\/txakoliarritxola.com\/?page_id=418","og_site_name":"Bodega Txakoli Arritxola upategia","article_modified_time":"2023-01-13T07:05:49+00:00","twitter_card":"summary_large_image","twitter_misc":{"Tiempo de lectura":"7 minutos"},"schema":{"@context":"https:\/\/schema.org","@graph":[{"@type":"WebPage","@id":"https:\/\/txakoliarritxola.com\/?page_id=418","url":"https:\/\/txakoliarritxola.com\/?page_id=418","name":"CONDICIONES GENERALES DE COMPRA - Bodega Txakoli Arritxola upategia","isPartOf":{"@id":"https:\/\/txakoliarritxola.com\/#website"},"datePublished":"2020-05-07T18:19:23+00:00","dateModified":"2023-01-13T07:05:49+00:00","breadcrumb":{"@id":"https:\/\/txakoliarritxola.com\/?page_id=418#breadcrumb"},"inLanguage":"es","potentialAction":[{"@type":"ReadAction","target":["https:\/\/txakoliarritxola.com\/?page_id=418"]}]},{"@type":"BreadcrumbList","@id":"https:\/\/txakoliarritxola.com\/?page_id=418#breadcrumb","itemListElement":[{"@type":"ListItem","position":1,"name":"Portada","item":"https:\/\/txakoliarritxola.com\/"},{"@type":"ListItem","position":2,"name":"CONDICIONES GENERALES DE COMPRA"}]},{"@type":"WebSite","@id":"https:\/\/txakoliarritxola.com\/#website","url":"https:\/\/txakoliarritxola.com\/","name":"Bodega Txakoli Arritxola upategia","description":"Txakoli y destilados exclusivos en la Ribera del Ibaizabal","potentialAction":[{"@type":"SearchAction","target":{"@type":"EntryPoint","urlTemplate":"https:\/\/txakoliarritxola.com\/?s={search_term_string}"},"query-input":{"@type":"PropertyValueSpecification","valueRequired":true,"valueName":"search_term_string"}}],"inLanguage":"es"}]}},"_links":{"self":[{"href":"https:\/\/txakoliarritxola.com\/index.php?rest_route=\/wp\/v2\/pages\/418"}],"collection":[{"href":"https:\/\/txakoliarritxola.com\/index.php?rest_route=\/wp\/v2\/pages"}],"about":[{"href":"https:\/\/txakoliarritxola.com\/index.php?rest_route=\/wp\/v2\/types\/page"}],"author":[{"embeddable":true,"href":"https:\/\/txakoliarritxola.com\/index.php?rest_route=\/wp\/v2\/users\/1"}],"replies":[{"embeddable":true,"href":"https:\/\/txakoliarritxola.com\/index.php?rest_route=%2Fwp%2Fv2%2Fcomments&post=418"}],"version-history":[{"count":8,"href":"https:\/\/txakoliarritxola.com\/index.php?rest_route=\/wp\/v2\/pages\/418\/revisions"}],"predecessor-version":[{"id":500,"href":"https:\/\/txakoliarritxola.com\/index.php?rest_route=\/wp\/v2\/pages\/418\/revisions\/500"}],"wp:attachment":[{"href":"https:\/\/txakoliarritxola.com\/index.php?rest_route=%2Fwp%2Fv2%2Fmedia&parent=418"}],"curies":[{"name":"wp","href":"https:\/\/api.w.org\/{rel}","templated":true}]}}