{"id":308,"date":"2020-04-19T17:07:45","date_gmt":"2020-04-19T17:07:45","guid":{"rendered":"https:\/\/txakoliarritxola.com\/?page_id=308"},"modified":"2023-01-13T07:05:51","modified_gmt":"2023-01-13T07:05:51","slug":"notre-cave","status":"publish","type":"page","link":"https:\/\/txakoliarritxola.com\/?page_id=308","title":{"rendered":"NOTRE CAVE"},"content":{"rendered":"\t\t<div data-elementor-type=\"wp-page\" data-elementor-id=\"308\" class=\"elementor elementor-308\">\n\t\t\t\t\t\t<section class=\"elementor-section elementor-top-section elementor-element elementor-element-22bbd7e elementor-section-boxed elementor-section-height-default elementor-section-height-default\" data-id=\"22bbd7e\" data-element_type=\"section\">\n\t\t\t\t\t\t<div class=\"elementor-container elementor-column-gap-default\">\n\t\t\t\t\t<div class=\"elementor-column elementor-col-100 elementor-top-column elementor-element elementor-element-3e53c77\" data-id=\"3e53c77\" data-element_type=\"column\">\n\t\t\t<div class=\"elementor-widget-wrap elementor-element-populated\">\n\t\t\t\t\t\t<div class=\"elementor-element elementor-element-a84acb6 elementor-widget elementor-widget-heading\" data-id=\"a84acb6\" data-element_type=\"widget\" data-widget_type=\"heading.default\">\n\t\t\t\t<div class=\"elementor-widget-container\">\n\t\t\t<h2 class=\"elementor-heading-title elementor-size-xl\">NOTRE CAVE<\/h2>\t\t<\/div>\n\t\t\t\t<\/div>\n\t\t\t\t\t<\/div>\n\t\t<\/div>\n\t\t\t\t\t<\/div>\n\t\t<\/section>\n\t\t\t\t<section class=\"elementor-section elementor-top-section elementor-element elementor-element-ae4ce11 elementor-section-boxed elementor-section-height-default elementor-section-height-default\" data-id=\"ae4ce11\" data-element_type=\"section\">\n\t\t\t\t\t\t<div class=\"elementor-container elementor-column-gap-default\">\n\t\t\t\t\t<div class=\"elementor-column elementor-col-100 elementor-top-column elementor-element elementor-element-d431be8\" data-id=\"d431be8\" data-element_type=\"column\">\n\t\t\t<div class=\"elementor-widget-wrap elementor-element-populated\">\n\t\t\t\t\t\t<div class=\"elementor-element elementor-element-7f467a0 elementor-widget elementor-widget-text-editor\" data-id=\"7f467a0\" data-element_type=\"widget\" data-widget_type=\"text-editor.default\">\n\t\t\t\t<div class=\"elementor-widget-container\">\n\t\t\t\t\t\t\t<p><strong>\u00a0<\/strong><\/p><p><strong>Txakoli Arritxola <\/strong>g\u00e8re un total de 6 hectares de vignobles r\u00e9partis en cinq parcelles. Elles sont situ\u00e9es entre 175 et 400 m\u00e8tres au-dessus du niveau de la mer, dans les municipalit\u00e9s d&#8217;Abadi\u00f1o, Izurtza et Durango. Tous font partie de la vall\u00e9e du Duranguesado.<\/p><p>\u00a0<\/p><p>\u00a0<\/p><p><img fetchpriority=\"high\" decoding=\"async\" class=\"aligncenter wp-image-17\" src=\"https:\/\/txakoliarritxola.com\/wp-content\/uploads\/2020\/04\/DJI_0558-scaled.jpg\" alt=\"\" width=\"700\" height=\"525\" srcset=\"https:\/\/txakoliarritxola.com\/wp-content\/uploads\/2020\/04\/DJI_0558-scaled.jpg 2560w, https:\/\/txakoliarritxola.com\/wp-content\/uploads\/2020\/04\/DJI_0558-300x225.jpg 300w, https:\/\/txakoliarritxola.com\/wp-content\/uploads\/2020\/04\/DJI_0558-1024x768.jpg 1024w, https:\/\/txakoliarritxola.com\/wp-content\/uploads\/2020\/04\/DJI_0558-768x576.jpg 768w, https:\/\/txakoliarritxola.com\/wp-content\/uploads\/2020\/04\/DJI_0558-1536x1152.jpg 1536w, https:\/\/txakoliarritxola.com\/wp-content\/uploads\/2020\/04\/DJI_0558-2048x1536.jpg 2048w, https:\/\/txakoliarritxola.com\/wp-content\/uploads\/2020\/04\/DJI_0558-820x615.jpg 820w, https:\/\/txakoliarritxola.com\/wp-content\/uploads\/2020\/04\/DJI_0558-600x450.jpg 600w\" sizes=\"(max-width: 700px) 100vw, 700px\" \/><\/p><p>\u00a0<\/p><p>\u00a0<\/p><p>Notre cave a \u00e9t\u00e9 fond\u00e9e en 1986, situ\u00e9e \u00e0 Durango, entre les rives de la rivi\u00e8re Ibaizabal et les pentes du mont Anboto. La cave profite de la protection de la d\u00e9esse Mari, qui inspire nos vins et nos liqueurs. Il convient \u00e9galement de mentionner notre proximit\u00e9 avec le parc naturel d&#8217;Urkiola, un endroit o\u00f9 la nature et la campagne offrent leur plus grande splendeur.<\/p><p>Nous produisons le Txakoli en respectant l&#8217;environnement naturel. Nous produisons des petites cuves de 1000, 3000 et 5000 litres pour faire s\u00e9par\u00e9ment toutes nos parcelles et tous nos c\u00e9pages. Nous disposons de toute la technologie n\u00e9cessaire pour la production de vins blancs de qualit\u00e9. Nous consid\u00e9rons la cave et la technologie comme l&#8217;outil permettant de donner un sens \u00e0 notre travail dans la vigne.<\/p><p>\u00a0<\/p><p>\u00a0<\/p><p><img decoding=\"async\" class=\"aligncenter wp-image-156\" src=\"https:\/\/txakoliarritxola.com\/wp-content\/uploads\/2020\/04\/20150126_173003.jpg\" alt=\"\" width=\"700\" height=\"415\" srcset=\"https:\/\/txakoliarritxola.com\/wp-content\/uploads\/2020\/04\/20150126_173003.jpg 900w, https:\/\/txakoliarritxola.com\/wp-content\/uploads\/2020\/04\/20150126_173003-300x178.jpg 300w, https:\/\/txakoliarritxola.com\/wp-content\/uploads\/2020\/04\/20150126_173003-768x456.jpg 768w, https:\/\/txakoliarritxola.com\/wp-content\/uploads\/2020\/04\/20150126_173003-820x487.jpg 820w, https:\/\/txakoliarritxola.com\/wp-content\/uploads\/2020\/04\/20150126_173003-600x356.jpg 600w\" sizes=\"(max-width: 700px) 100vw, 700px\" \/><\/p><p>\u00a0<\/p><p>\u00a0<\/p><p>Nous produisons nos vins avec un m\u00e9lange intelligent de soins et de technologie, li\u00e9s avec notre philosophie artisanale \u00abETXEKOA\u00bb, \u00abFAIT MAISON\u00bb. La pratique d&#8217;une \u0153nologie respectueuse \u00e9tablit un pont entre la nature et un txakoli biscayen typique qui se distingue par son homog\u00e9n\u00e9it\u00e9 maintenue gr\u00e2ce \u00e0 des d\u00e9cennies de travail et de d\u00e9vouement.<\/p><p>\u00a0<\/p>\t\t\t\t\t\t<\/div>\n\t\t\t\t<\/div>\n\t\t\t\t\t<\/div>\n\t\t<\/div>\n\t\t\t\t\t<\/div>\n\t\t<\/section>\n\t\t\t\t<section class=\"elementor-section elementor-top-section elementor-element elementor-element-0d9c982 elementor-section-boxed elementor-section-height-default elementor-section-height-default\" data-id=\"0d9c982\" data-element_type=\"section\">\n\t\t\t\t\t\t<div class=\"elementor-container elementor-column-gap-default\">\n\t\t\t\t\t<div class=\"elementor-column elementor-col-100 elementor-top-column elementor-element elementor-element-d828951\" data-id=\"d828951\" data-element_type=\"column\">\n\t\t\t<div class=\"elementor-widget-wrap elementor-element-populated\">\n\t\t\t\t\t\t<div class=\"elementor-element elementor-element-23142de elementor-align-center elementor-widget elementor-widget-button\" data-id=\"23142de\" data-element_type=\"widget\" data-widget_type=\"button.default\">\n\t\t\t\t<div class=\"elementor-widget-container\">\n\t\t\t\t\t<div class=\"elementor-button-wrapper\">\n\t\t\t<a class=\"elementor-button elementor-button-link elementor-size-sm\" href=\"https:\/\/tienda.txakoliarritxola.com\/es\/\" target=\"_blank\">\n\t\t\t\t\t\t<span class=\"elementor-button-content-wrapper\">\n\t\t\t\t\t\t\t\t\t<span class=\"elementor-button-text\">Haz clic aqu\u00ed<\/span>\n\t\t\t\t\t<\/span>\n\t\t\t\t\t<\/a>\n\t\t<\/div>\n\t\t\t\t<\/div>\n\t\t\t\t<\/div>\n\t\t\t\t\t<\/div>\n\t\t<\/div>\n\t\t\t\t\t<\/div>\n\t\t<\/section>\n\t\t\t\t<section class=\"elementor-section elementor-top-section elementor-element elementor-element-d6bf7a8 elementor-section-boxed elementor-section-height-default elementor-section-height-default\" data-id=\"d6bf7a8\" data-element_type=\"section\">\n\t\t\t\t\t\t<div class=\"elementor-container elementor-column-gap-default\">\n\t\t\t\t\t<div class=\"elementor-column elementor-col-100 elementor-top-column elementor-element elementor-element-7176a01\" data-id=\"7176a01\" data-element_type=\"column\">\n\t\t\t<div class=\"elementor-widget-wrap elementor-element-populated\">\n\t\t\t\t\t\t<div class=\"elementor-element elementor-element-4b0d97d elementor-widget elementor-widget-image\" data-id=\"4b0d97d\" data-element_type=\"widget\" data-widget_type=\"image.default\">\n\t\t\t\t<div class=\"elementor-widget-container\">\n\t\t\t\t\t\t\t\t\t\t\t\t\t\t<a href=\"https:\/\/tienda.txakoliarritxola.com\/es\/\" target=\"_blank\">\n\t\t\t\t\t\t\t<img decoding=\"async\" width=\"350\" height=\"232\" src=\"https:\/\/txakoliarritxola.com\/wp-content\/uploads\/2020\/04\/venta.jpg\" class=\"attachment-large size-large wp-image-66\" alt=\"\" srcset=\"https:\/\/txakoliarritxola.com\/wp-content\/uploads\/2020\/04\/venta.jpg 350w, https:\/\/txakoliarritxola.com\/wp-content\/uploads\/2020\/04\/venta-300x199.jpg 300w\" sizes=\"(max-width: 350px) 100vw, 350px\" \/>\t\t\t\t\t\t\t\t<\/a>\n\t\t\t\t\t\t\t\t\t\t\t\t\t<\/div>\n\t\t\t\t<\/div>\n\t\t\t\t\t<\/div>\n\t\t<\/div>\n\t\t\t\t\t<\/div>\n\t\t<\/section>\n\t\t\t\t<\/div>\n\t\t","protected":false},"excerpt":{"rendered":"<p>NOTRE CAVE \u00a0 Txakoli Arritxola g\u00e8re un total de 6 hectares de vignobles r\u00e9partis en cinq parcelles. Elles sont situ\u00e9es entre 175 et 400 m\u00e8tres au-dessus du niveau de la mer, dans les municipalit\u00e9s d&#8217;Abadi\u00f1o, Izurtza et Durango. Tous font partie de la vall\u00e9e du Duranguesado. \u00a0 \u00a0 \u00a0 \u00a0 Notre cave a \u00e9t\u00e9 fond\u00e9e [&hellip;]<\/p>\n","protected":false},"author":1,"featured_media":0,"parent":0,"menu_order":0,"comment_status":"closed","ping_status":"closed","template":"elementor_header_footer","meta":{"om_disable_all_campaigns":false,"_monsterinsights_skip_tracking":false,"_monsterinsights_sitenote_active":false,"_monsterinsights_sitenote_note":"","_monsterinsights_sitenote_category":0,"_uf_show_specific_survey":0,"_uf_disable_surveys":false,"footnotes":""},"class_list":["post-308","page","type-page","status-publish","hentry"],"aioseo_notices":[],"yoast_head":"<!-- This site is optimized with the Yoast SEO plugin v23.5 - https:\/\/yoast.com\/wordpress\/plugins\/seo\/ -->\n<title>NOTRE CAVE - Bodega Txakoli Arritxola upategia<\/title>\n<meta name=\"robots\" content=\"index, follow, max-snippet:-1, max-image-preview:large, max-video-preview:-1\" \/>\n<link rel=\"canonical\" href=\"https:\/\/txakoliarritxola.com\/?page_id=308\" \/>\n<meta property=\"og:locale\" content=\"es_ES\" \/>\n<meta property=\"og:type\" content=\"article\" \/>\n<meta property=\"og:title\" content=\"NOTRE CAVE - Bodega Txakoli Arritxola upategia\" \/>\n<meta property=\"og:description\" content=\"NOTRE CAVE \u00a0 Txakoli Arritxola g\u00e8re un total de 6 hectares de vignobles r\u00e9partis en cinq parcelles. Elles sont situ\u00e9es entre 175 et 400 m\u00e8tres au-dessus du niveau de la mer, dans les municipalit\u00e9s d&#8217;Abadi\u00f1o, Izurtza et Durango. Tous font partie de la vall\u00e9e du Duranguesado. \u00a0 \u00a0 \u00a0 \u00a0 Notre cave a \u00e9t\u00e9 fond\u00e9e [&hellip;]\" \/>\n<meta property=\"og:url\" content=\"https:\/\/txakoliarritxola.com\/?page_id=308\" \/>\n<meta property=\"og:site_name\" content=\"Bodega Txakoli Arritxola upategia\" \/>\n<meta property=\"article:modified_time\" content=\"2023-01-13T07:05:51+00:00\" \/>\n<meta property=\"og:image\" content=\"https:\/\/txakoliarritxola.com\/wp-content\/uploads\/2020\/04\/DJI_0558-scaled.jpg\" \/>\n<meta name=\"twitter:card\" content=\"summary_large_image\" \/>\n<meta name=\"twitter:label1\" content=\"Tiempo de lectura\" \/>\n\t<meta name=\"twitter:data1\" content=\"1 minuto\" \/>\n<script type=\"application\/ld+json\" class=\"yoast-schema-graph\">{\"@context\":\"https:\/\/schema.org\",\"@graph\":[{\"@type\":\"WebPage\",\"@id\":\"https:\/\/txakoliarritxola.com\/?page_id=308\",\"url\":\"https:\/\/txakoliarritxola.com\/?page_id=308\",\"name\":\"NOTRE CAVE - Bodega Txakoli Arritxola upategia\",\"isPartOf\":{\"@id\":\"https:\/\/txakoliarritxola.com\/#website\"},\"primaryImageOfPage\":{\"@id\":\"https:\/\/txakoliarritxola.com\/?page_id=308#primaryimage\"},\"image\":{\"@id\":\"https:\/\/txakoliarritxola.com\/?page_id=308#primaryimage\"},\"thumbnailUrl\":\"https:\/\/txakoliarritxola.com\/wp-content\/uploads\/2020\/04\/DJI_0558-scaled.jpg\",\"datePublished\":\"2020-04-19T17:07:45+00:00\",\"dateModified\":\"2023-01-13T07:05:51+00:00\",\"breadcrumb\":{\"@id\":\"https:\/\/txakoliarritxola.com\/?page_id=308#breadcrumb\"},\"inLanguage\":\"es\",\"potentialAction\":[{\"@type\":\"ReadAction\",\"target\":[\"https:\/\/txakoliarritxola.com\/?page_id=308\"]}]},{\"@type\":\"ImageObject\",\"inLanguage\":\"es\",\"@id\":\"https:\/\/txakoliarritxola.com\/?page_id=308#primaryimage\",\"url\":\"https:\/\/txakoliarritxola.com\/wp-content\/uploads\/2020\/04\/DJI_0558-scaled.jpg\",\"contentUrl\":\"https:\/\/txakoliarritxola.com\/wp-content\/uploads\/2020\/04\/DJI_0558-scaled.jpg\",\"width\":2560,\"height\":1920},{\"@type\":\"BreadcrumbList\",\"@id\":\"https:\/\/txakoliarritxola.com\/?page_id=308#breadcrumb\",\"itemListElement\":[{\"@type\":\"ListItem\",\"position\":1,\"name\":\"Portada\",\"item\":\"https:\/\/txakoliarritxola.com\/\"},{\"@type\":\"ListItem\",\"position\":2,\"name\":\"NOTRE CAVE\"}]},{\"@type\":\"WebSite\",\"@id\":\"https:\/\/txakoliarritxola.com\/#website\",\"url\":\"https:\/\/txakoliarritxola.com\/\",\"name\":\"Bodega Txakoli Arritxola upategia\",\"description\":\"Txakoli y destilados exclusivos en la Ribera del Ibaizabal\",\"potentialAction\":[{\"@type\":\"SearchAction\",\"target\":{\"@type\":\"EntryPoint\",\"urlTemplate\":\"https:\/\/txakoliarritxola.com\/?s={search_term_string}\"},\"query-input\":{\"@type\":\"PropertyValueSpecification\",\"valueRequired\":true,\"valueName\":\"search_term_string\"}}],\"inLanguage\":\"es\"}]}<\/script>\n<!-- \/ Yoast SEO plugin. -->","yoast_head_json":{"title":"NOTRE CAVE - Bodega Txakoli Arritxola upategia","robots":{"index":"index","follow":"follow","max-snippet":"max-snippet:-1","max-image-preview":"max-image-preview:large","max-video-preview":"max-video-preview:-1"},"canonical":"https:\/\/txakoliarritxola.com\/?page_id=308","og_locale":"es_ES","og_type":"article","og_title":"NOTRE CAVE - Bodega Txakoli Arritxola upategia","og_description":"NOTRE CAVE \u00a0 Txakoli Arritxola g\u00e8re un total de 6 hectares de vignobles r\u00e9partis en cinq parcelles. Elles sont situ\u00e9es entre 175 et 400 m\u00e8tres au-dessus du niveau de la mer, dans les municipalit\u00e9s d&#8217;Abadi\u00f1o, Izurtza et Durango. Tous font partie de la vall\u00e9e du Duranguesado. \u00a0 \u00a0 \u00a0 \u00a0 Notre cave a \u00e9t\u00e9 fond\u00e9e [&hellip;]","og_url":"https:\/\/txakoliarritxola.com\/?page_id=308","og_site_name":"Bodega Txakoli Arritxola upategia","article_modified_time":"2023-01-13T07:05:51+00:00","og_image":[{"url":"https:\/\/txakoliarritxola.com\/wp-content\/uploads\/2020\/04\/DJI_0558-scaled.jpg"}],"twitter_card":"summary_large_image","twitter_misc":{"Tiempo de lectura":"1 minuto"},"schema":{"@context":"https:\/\/schema.org","@graph":[{"@type":"WebPage","@id":"https:\/\/txakoliarritxola.com\/?page_id=308","url":"https:\/\/txakoliarritxola.com\/?page_id=308","name":"NOTRE CAVE - Bodega Txakoli Arritxola upategia","isPartOf":{"@id":"https:\/\/txakoliarritxola.com\/#website"},"primaryImageOfPage":{"@id":"https:\/\/txakoliarritxola.com\/?page_id=308#primaryimage"},"image":{"@id":"https:\/\/txakoliarritxola.com\/?page_id=308#primaryimage"},"thumbnailUrl":"https:\/\/txakoliarritxola.com\/wp-content\/uploads\/2020\/04\/DJI_0558-scaled.jpg","datePublished":"2020-04-19T17:07:45+00:00","dateModified":"2023-01-13T07:05:51+00:00","breadcrumb":{"@id":"https:\/\/txakoliarritxola.com\/?page_id=308#breadcrumb"},"inLanguage":"es","potentialAction":[{"@type":"ReadAction","target":["https:\/\/txakoliarritxola.com\/?page_id=308"]}]},{"@type":"ImageObject","inLanguage":"es","@id":"https:\/\/txakoliarritxola.com\/?page_id=308#primaryimage","url":"https:\/\/txakoliarritxola.com\/wp-content\/uploads\/2020\/04\/DJI_0558-scaled.jpg","contentUrl":"https:\/\/txakoliarritxola.com\/wp-content\/uploads\/2020\/04\/DJI_0558-scaled.jpg","width":2560,"height":1920},{"@type":"BreadcrumbList","@id":"https:\/\/txakoliarritxola.com\/?page_id=308#breadcrumb","itemListElement":[{"@type":"ListItem","position":1,"name":"Portada","item":"https:\/\/txakoliarritxola.com\/"},{"@type":"ListItem","position":2,"name":"NOTRE CAVE"}]},{"@type":"WebSite","@id":"https:\/\/txakoliarritxola.com\/#website","url":"https:\/\/txakoliarritxola.com\/","name":"Bodega Txakoli Arritxola upategia","description":"Txakoli y destilados exclusivos en la Ribera del Ibaizabal","potentialAction":[{"@type":"SearchAction","target":{"@type":"EntryPoint","urlTemplate":"https:\/\/txakoliarritxola.com\/?s={search_term_string}"},"query-input":{"@type":"PropertyValueSpecification","valueRequired":true,"valueName":"search_term_string"}}],"inLanguage":"es"}]}},"_links":{"self":[{"href":"https:\/\/txakoliarritxola.com\/index.php?rest_route=\/wp\/v2\/pages\/308"}],"collection":[{"href":"https:\/\/txakoliarritxola.com\/index.php?rest_route=\/wp\/v2\/pages"}],"about":[{"href":"https:\/\/txakoliarritxola.com\/index.php?rest_route=\/wp\/v2\/types\/page"}],"author":[{"embeddable":true,"href":"https:\/\/txakoliarritxola.com\/index.php?rest_route=\/wp\/v2\/users\/1"}],"replies":[{"embeddable":true,"href":"https:\/\/txakoliarritxola.com\/index.php?rest_route=%2Fwp%2Fv2%2Fcomments&post=308"}],"version-history":[{"count":4,"href":"https:\/\/txakoliarritxola.com\/index.php?rest_route=\/wp\/v2\/pages\/308\/revisions"}],"predecessor-version":[{"id":450,"href":"https:\/\/txakoliarritxola.com\/index.php?rest_route=\/wp\/v2\/pages\/308\/revisions\/450"}],"wp:attachment":[{"href":"https:\/\/txakoliarritxola.com\/index.php?rest_route=%2Fwp%2Fv2%2Fmedia&parent=308"}],"curies":[{"name":"wp","href":"https:\/\/api.w.org\/{rel}","templated":true}]}}