{"id":300,"date":"2020-04-19T16:54:59","date_gmt":"2020-04-19T16:54:59","guid":{"rendered":"https:\/\/txakoliarritxola.com\/?page_id=300"},"modified":"2023-01-13T07:06:22","modified_gmt":"2023-01-13T07:06:22","slug":"notre-philosophie","status":"publish","type":"page","link":"https:\/\/txakoliarritxola.com\/?page_id=300","title":{"rendered":"NOTRE PHILOSOPHIE"},"content":{"rendered":"\t\t<div data-elementor-type=\"wp-page\" data-elementor-id=\"300\" class=\"elementor elementor-300\">\n\t\t\t\t\t\t<section class=\"elementor-section elementor-top-section elementor-element elementor-element-ea99b42 elementor-section-boxed elementor-section-height-default elementor-section-height-default\" data-id=\"ea99b42\" data-element_type=\"section\">\n\t\t\t\t\t\t<div class=\"elementor-container elementor-column-gap-default\">\n\t\t\t\t\t<div class=\"elementor-column elementor-col-100 elementor-top-column elementor-element elementor-element-dd9152b\" data-id=\"dd9152b\" data-element_type=\"column\">\n\t\t\t<div class=\"elementor-widget-wrap elementor-element-populated\">\n\t\t\t\t\t\t<div class=\"elementor-element elementor-element-adb01b3 elementor-widget elementor-widget-heading\" data-id=\"adb01b3\" data-element_type=\"widget\" data-widget_type=\"heading.default\">\n\t\t\t\t<div class=\"elementor-widget-container\">\n\t\t\t<h2 class=\"elementor-heading-title elementor-size-xl\">NOTRE PHILOSOPHIE<\/h2>\t\t<\/div>\n\t\t\t\t<\/div>\n\t\t\t\t\t<\/div>\n\t\t<\/div>\n\t\t\t\t\t<\/div>\n\t\t<\/section>\n\t\t\t\t<section class=\"elementor-section elementor-top-section elementor-element elementor-element-a817452 elementor-section-boxed elementor-section-height-default elementor-section-height-default\" data-id=\"a817452\" data-element_type=\"section\">\n\t\t\t\t\t\t<div class=\"elementor-container elementor-column-gap-default\">\n\t\t\t\t\t<div class=\"elementor-column elementor-col-100 elementor-top-column elementor-element elementor-element-83ffef2\" data-id=\"83ffef2\" data-element_type=\"column\">\n\t\t\t<div class=\"elementor-widget-wrap elementor-element-populated\">\n\t\t\t\t\t\t<div class=\"elementor-element elementor-element-fd0041a elementor-widget elementor-widget-text-editor\" data-id=\"fd0041a\" data-element_type=\"widget\" data-widget_type=\"text-editor.default\">\n\t\t\t\t<div class=\"elementor-widget-container\">\n\t\t\t\t\t\t\t<p>\u00a0<\/p><p><img fetchpriority=\"high\" decoding=\"async\" class=\"aligncenter wp-image-225\" src=\"https:\/\/txakoliarritxola.com\/wp-content\/uploads\/2020\/04\/1.png\" alt=\"\" width=\"700\" height=\"400\" srcset=\"https:\/\/txakoliarritxola.com\/wp-content\/uploads\/2020\/04\/1.png 1013w, https:\/\/txakoliarritxola.com\/wp-content\/uploads\/2020\/04\/1-300x171.png 300w, https:\/\/txakoliarritxola.com\/wp-content\/uploads\/2020\/04\/1-768x439.png 768w, https:\/\/txakoliarritxola.com\/wp-content\/uploads\/2020\/04\/1-820x469.png 820w, https:\/\/txakoliarritxola.com\/wp-content\/uploads\/2020\/04\/1-600x343.png 600w\" sizes=\"(max-width: 700px) 100vw, 700px\" \/><\/p><p><strong><em>\u00a0<\/em><\/strong><\/p><p><strong><em>Etxekoa, de chez nous, fait maison.<\/em><\/strong><\/p><p>La famille Sarasketa &#8211; Divass\u00f3n est une ferme familiale qui travaille la terre et g\u00e8re le cycle complet de notre travail et de notre d\u00e9vouement.<\/p><p>Nous r\u00e9alisons notre travail annuel en <strong>QUATRE PHASES : Premi\u00e8re phase<\/strong> &#8211; Nous produisons des raisins pour l&#8217;\u00e9laboration du txakoli. <strong>Deuxi\u00e8me phase<\/strong> &#8211; Nous produisons du txakoli avec l&#8217;appellation d&#8217;origine BizkaikoTxakolina \/ Txakoli de Bizkaia. <strong>Troisi\u00e8me phase<\/strong> &#8211; Nous distillons le marc de raisin de la production de txakoli pour obtenir nos liqueurs. <strong>Quatri\u00e8me phase<\/strong> &#8211; Avec les marcs distill\u00e9s, nous obtenons un compost qui sert d&#8217;engrais pour nos vignes.<\/p><p>C&#8217;est-\u00e0-dire, nous effectuons un cycle complet de production et de transformation du fruit de notre travail. Nous produisons des raisins pour la production de txakoli. Avec le marc qui reste du pressage et du processus de distillation, nous produisons de l&#8217;eau-de-vie. Et avec les marcs restants de la distillation, nous produisons un compost qui servira d&#8217;engrais pour aider nos vignobles \u00e0 produire \u00e0 nouveau du raisin.<\/p><p>\u00a0<\/p><p><img decoding=\"async\" class=\"aligncenter size-full wp-image-252\" src=\"https:\/\/txakoliarritxola.com\/wp-content\/uploads\/2020\/04\/92713197_3698451606896311_6322773797715836928_o-e1587232969316.jpg\" alt=\"\" width=\"700\" height=\"525\" \/><\/p>\t\t\t\t\t\t<\/div>\n\t\t\t\t<\/div>\n\t\t\t\t\t<\/div>\n\t\t<\/div>\n\t\t\t\t\t<\/div>\n\t\t<\/section>\n\t\t\t\t<section class=\"elementor-section elementor-top-section elementor-element elementor-element-6a369da elementor-section-boxed elementor-section-height-default elementor-section-height-default\" data-id=\"6a369da\" data-element_type=\"section\">\n\t\t\t\t\t\t<div class=\"elementor-container elementor-column-gap-default\">\n\t\t\t\t\t<div class=\"elementor-column elementor-col-100 elementor-top-column elementor-element elementor-element-9e51a4a\" data-id=\"9e51a4a\" data-element_type=\"column\">\n\t\t\t<div class=\"elementor-widget-wrap elementor-element-populated\">\n\t\t\t\t\t\t<div class=\"elementor-element elementor-element-07f3ebe elementor-align-center elementor-widget elementor-widget-button\" data-id=\"07f3ebe\" data-element_type=\"widget\" data-widget_type=\"button.default\">\n\t\t\t\t<div class=\"elementor-widget-container\">\n\t\t\t\t\t<div class=\"elementor-button-wrapper\">\n\t\t\t<a class=\"elementor-button elementor-button-link elementor-size-sm\" href=\"https:\/\/tienda.txakoliarritxola.com\/es\/\" target=\"_blank\">\n\t\t\t\t\t\t<span class=\"elementor-button-content-wrapper\">\n\t\t\t\t\t\t\t\t\t<span class=\"elementor-button-text\">Haz clic aqu\u00ed<\/span>\n\t\t\t\t\t<\/span>\n\t\t\t\t\t<\/a>\n\t\t<\/div>\n\t\t\t\t<\/div>\n\t\t\t\t<\/div>\n\t\t\t\t\t<\/div>\n\t\t<\/div>\n\t\t\t\t\t<\/div>\n\t\t<\/section>\n\t\t\t\t<section class=\"elementor-section elementor-top-section elementor-element elementor-element-70ab11f elementor-section-boxed elementor-section-height-default elementor-section-height-default\" data-id=\"70ab11f\" data-element_type=\"section\">\n\t\t\t\t\t\t<div class=\"elementor-container elementor-column-gap-default\">\n\t\t\t\t\t<div class=\"elementor-column elementor-col-100 elementor-top-column elementor-element elementor-element-64e5da6\" data-id=\"64e5da6\" data-element_type=\"column\">\n\t\t\t<div class=\"elementor-widget-wrap elementor-element-populated\">\n\t\t\t\t\t\t<div class=\"elementor-element elementor-element-e7b649e elementor-widget elementor-widget-image\" data-id=\"e7b649e\" data-element_type=\"widget\" data-widget_type=\"image.default\">\n\t\t\t\t<div class=\"elementor-widget-container\">\n\t\t\t\t\t\t\t\t\t\t\t\t\t\t<a href=\"https:\/\/tienda.txakoliarritxola.com\/es\/\" target=\"_blank\">\n\t\t\t\t\t\t\t<img decoding=\"async\" width=\"350\" height=\"232\" src=\"https:\/\/txakoliarritxola.com\/wp-content\/uploads\/2020\/04\/venta.jpg\" class=\"attachment-large size-large wp-image-66\" alt=\"\" srcset=\"https:\/\/txakoliarritxola.com\/wp-content\/uploads\/2020\/04\/venta.jpg 350w, https:\/\/txakoliarritxola.com\/wp-content\/uploads\/2020\/04\/venta-300x199.jpg 300w\" sizes=\"(max-width: 350px) 100vw, 350px\" \/>\t\t\t\t\t\t\t\t<\/a>\n\t\t\t\t\t\t\t\t\t\t\t\t\t<\/div>\n\t\t\t\t<\/div>\n\t\t\t\t\t<\/div>\n\t\t<\/div>\n\t\t\t\t\t<\/div>\n\t\t<\/section>\n\t\t\t\t<\/div>\n\t\t","protected":false},"excerpt":{"rendered":"<p>NOTRE PHILOSOPHIE \u00a0 \u00a0 Etxekoa, de chez nous, fait maison. La famille Sarasketa &#8211; Divass\u00f3n est une ferme familiale qui travaille la terre et g\u00e8re le cycle complet de notre travail et de notre d\u00e9vouement. Nous r\u00e9alisons notre travail annuel en QUATRE PHASES : Premi\u00e8re phase &#8211; Nous produisons des raisins pour l&#8217;\u00e9laboration du txakoli. [&hellip;]<\/p>\n","protected":false},"author":1,"featured_media":0,"parent":0,"menu_order":0,"comment_status":"closed","ping_status":"closed","template":"elementor_header_footer","meta":{"om_disable_all_campaigns":false,"_monsterinsights_skip_tracking":false,"_monsterinsights_sitenote_active":false,"_monsterinsights_sitenote_note":"","_monsterinsights_sitenote_category":0,"_uf_show_specific_survey":0,"_uf_disable_surveys":false,"footnotes":""},"class_list":["post-300","page","type-page","status-publish","hentry"],"aioseo_notices":[],"yoast_head":"<!-- This site is optimized with the Yoast SEO plugin v23.5 - https:\/\/yoast.com\/wordpress\/plugins\/seo\/ -->\n<title>NOTRE PHILOSOPHIE - Bodega Txakoli Arritxola upategia<\/title>\n<meta name=\"robots\" content=\"index, follow, max-snippet:-1, max-image-preview:large, max-video-preview:-1\" \/>\n<link rel=\"canonical\" href=\"https:\/\/txakoliarritxola.com\/?page_id=300\" \/>\n<meta property=\"og:locale\" content=\"es_ES\" \/>\n<meta property=\"og:type\" content=\"article\" \/>\n<meta property=\"og:title\" content=\"NOTRE PHILOSOPHIE - Bodega Txakoli Arritxola upategia\" \/>\n<meta property=\"og:description\" content=\"NOTRE PHILOSOPHIE \u00a0 \u00a0 Etxekoa, de chez nous, fait maison. La famille Sarasketa &#8211; Divass\u00f3n est une ferme familiale qui travaille la terre et g\u00e8re le cycle complet de notre travail et de notre d\u00e9vouement. Nous r\u00e9alisons notre travail annuel en QUATRE PHASES : Premi\u00e8re phase &#8211; Nous produisons des raisins pour l&#8217;\u00e9laboration du txakoli. [&hellip;]\" \/>\n<meta property=\"og:url\" content=\"https:\/\/txakoliarritxola.com\/?page_id=300\" \/>\n<meta property=\"og:site_name\" content=\"Bodega Txakoli Arritxola upategia\" \/>\n<meta property=\"article:modified_time\" content=\"2023-01-13T07:06:22+00:00\" \/>\n<meta property=\"og:image\" content=\"https:\/\/txakoliarritxola.com\/wp-content\/uploads\/2020\/04\/1.png\" \/>\n<meta name=\"twitter:card\" content=\"summary_large_image\" \/>\n<meta name=\"twitter:label1\" content=\"Tiempo de lectura\" \/>\n\t<meta name=\"twitter:data1\" content=\"1 minuto\" \/>\n<script type=\"application\/ld+json\" class=\"yoast-schema-graph\">{\"@context\":\"https:\/\/schema.org\",\"@graph\":[{\"@type\":\"WebPage\",\"@id\":\"https:\/\/txakoliarritxola.com\/?page_id=300\",\"url\":\"https:\/\/txakoliarritxola.com\/?page_id=300\",\"name\":\"NOTRE PHILOSOPHIE - Bodega Txakoli Arritxola upategia\",\"isPartOf\":{\"@id\":\"https:\/\/txakoliarritxola.com\/#website\"},\"primaryImageOfPage\":{\"@id\":\"https:\/\/txakoliarritxola.com\/?page_id=300#primaryimage\"},\"image\":{\"@id\":\"https:\/\/txakoliarritxola.com\/?page_id=300#primaryimage\"},\"thumbnailUrl\":\"https:\/\/txakoliarritxola.com\/wp-content\/uploads\/2020\/04\/1.png\",\"datePublished\":\"2020-04-19T16:54:59+00:00\",\"dateModified\":\"2023-01-13T07:06:22+00:00\",\"breadcrumb\":{\"@id\":\"https:\/\/txakoliarritxola.com\/?page_id=300#breadcrumb\"},\"inLanguage\":\"es\",\"potentialAction\":[{\"@type\":\"ReadAction\",\"target\":[\"https:\/\/txakoliarritxola.com\/?page_id=300\"]}]},{\"@type\":\"ImageObject\",\"inLanguage\":\"es\",\"@id\":\"https:\/\/txakoliarritxola.com\/?page_id=300#primaryimage\",\"url\":\"https:\/\/txakoliarritxola.com\/wp-content\/uploads\/2020\/04\/1.png\",\"contentUrl\":\"https:\/\/txakoliarritxola.com\/wp-content\/uploads\/2020\/04\/1.png\",\"width\":1013,\"height\":579},{\"@type\":\"BreadcrumbList\",\"@id\":\"https:\/\/txakoliarritxola.com\/?page_id=300#breadcrumb\",\"itemListElement\":[{\"@type\":\"ListItem\",\"position\":1,\"name\":\"Portada\",\"item\":\"https:\/\/txakoliarritxola.com\/\"},{\"@type\":\"ListItem\",\"position\":2,\"name\":\"NOTRE PHILOSOPHIE\"}]},{\"@type\":\"WebSite\",\"@id\":\"https:\/\/txakoliarritxola.com\/#website\",\"url\":\"https:\/\/txakoliarritxola.com\/\",\"name\":\"Bodega Txakoli Arritxola upategia\",\"description\":\"Txakoli y destilados exclusivos en la Ribera del Ibaizabal\",\"potentialAction\":[{\"@type\":\"SearchAction\",\"target\":{\"@type\":\"EntryPoint\",\"urlTemplate\":\"https:\/\/txakoliarritxola.com\/?s={search_term_string}\"},\"query-input\":{\"@type\":\"PropertyValueSpecification\",\"valueRequired\":true,\"valueName\":\"search_term_string\"}}],\"inLanguage\":\"es\"}]}<\/script>\n<!-- \/ Yoast SEO plugin. -->","yoast_head_json":{"title":"NOTRE PHILOSOPHIE - Bodega Txakoli Arritxola upategia","robots":{"index":"index","follow":"follow","max-snippet":"max-snippet:-1","max-image-preview":"max-image-preview:large","max-video-preview":"max-video-preview:-1"},"canonical":"https:\/\/txakoliarritxola.com\/?page_id=300","og_locale":"es_ES","og_type":"article","og_title":"NOTRE PHILOSOPHIE - Bodega Txakoli Arritxola upategia","og_description":"NOTRE PHILOSOPHIE \u00a0 \u00a0 Etxekoa, de chez nous, fait maison. La famille Sarasketa &#8211; Divass\u00f3n est une ferme familiale qui travaille la terre et g\u00e8re le cycle complet de notre travail et de notre d\u00e9vouement. Nous r\u00e9alisons notre travail annuel en QUATRE PHASES : Premi\u00e8re phase &#8211; Nous produisons des raisins pour l&#8217;\u00e9laboration du txakoli. [&hellip;]","og_url":"https:\/\/txakoliarritxola.com\/?page_id=300","og_site_name":"Bodega Txakoli Arritxola upategia","article_modified_time":"2023-01-13T07:06:22+00:00","og_image":[{"url":"https:\/\/txakoliarritxola.com\/wp-content\/uploads\/2020\/04\/1.png"}],"twitter_card":"summary_large_image","twitter_misc":{"Tiempo de lectura":"1 minuto"},"schema":{"@context":"https:\/\/schema.org","@graph":[{"@type":"WebPage","@id":"https:\/\/txakoliarritxola.com\/?page_id=300","url":"https:\/\/txakoliarritxola.com\/?page_id=300","name":"NOTRE PHILOSOPHIE - Bodega Txakoli Arritxola upategia","isPartOf":{"@id":"https:\/\/txakoliarritxola.com\/#website"},"primaryImageOfPage":{"@id":"https:\/\/txakoliarritxola.com\/?page_id=300#primaryimage"},"image":{"@id":"https:\/\/txakoliarritxola.com\/?page_id=300#primaryimage"},"thumbnailUrl":"https:\/\/txakoliarritxola.com\/wp-content\/uploads\/2020\/04\/1.png","datePublished":"2020-04-19T16:54:59+00:00","dateModified":"2023-01-13T07:06:22+00:00","breadcrumb":{"@id":"https:\/\/txakoliarritxola.com\/?page_id=300#breadcrumb"},"inLanguage":"es","potentialAction":[{"@type":"ReadAction","target":["https:\/\/txakoliarritxola.com\/?page_id=300"]}]},{"@type":"ImageObject","inLanguage":"es","@id":"https:\/\/txakoliarritxola.com\/?page_id=300#primaryimage","url":"https:\/\/txakoliarritxola.com\/wp-content\/uploads\/2020\/04\/1.png","contentUrl":"https:\/\/txakoliarritxola.com\/wp-content\/uploads\/2020\/04\/1.png","width":1013,"height":579},{"@type":"BreadcrumbList","@id":"https:\/\/txakoliarritxola.com\/?page_id=300#breadcrumb","itemListElement":[{"@type":"ListItem","position":1,"name":"Portada","item":"https:\/\/txakoliarritxola.com\/"},{"@type":"ListItem","position":2,"name":"NOTRE PHILOSOPHIE"}]},{"@type":"WebSite","@id":"https:\/\/txakoliarritxola.com\/#website","url":"https:\/\/txakoliarritxola.com\/","name":"Bodega Txakoli Arritxola upategia","description":"Txakoli y destilados exclusivos en la Ribera del Ibaizabal","potentialAction":[{"@type":"SearchAction","target":{"@type":"EntryPoint","urlTemplate":"https:\/\/txakoliarritxola.com\/?s={search_term_string}"},"query-input":{"@type":"PropertyValueSpecification","valueRequired":true,"valueName":"search_term_string"}}],"inLanguage":"es"}]}},"_links":{"self":[{"href":"https:\/\/txakoliarritxola.com\/index.php?rest_route=\/wp\/v2\/pages\/300"}],"collection":[{"href":"https:\/\/txakoliarritxola.com\/index.php?rest_route=\/wp\/v2\/pages"}],"about":[{"href":"https:\/\/txakoliarritxola.com\/index.php?rest_route=\/wp\/v2\/types\/page"}],"author":[{"embeddable":true,"href":"https:\/\/txakoliarritxola.com\/index.php?rest_route=\/wp\/v2\/users\/1"}],"replies":[{"embeddable":true,"href":"https:\/\/txakoliarritxola.com\/index.php?rest_route=%2Fwp%2Fv2%2Fcomments&post=300"}],"version-history":[{"count":8,"href":"https:\/\/txakoliarritxola.com\/index.php?rest_route=\/wp\/v2\/pages\/300\/revisions"}],"predecessor-version":[{"id":456,"href":"https:\/\/txakoliarritxola.com\/index.php?rest_route=\/wp\/v2\/pages\/300\/revisions\/456"}],"wp:attachment":[{"href":"https:\/\/txakoliarritxola.com\/index.php?rest_route=%2Fwp%2Fv2%2Fmedia&parent=300"}],"curies":[{"name":"wp","href":"https:\/\/api.w.org\/{rel}","templated":true}]}}