{"id":159,"date":"2020-04-18T14:17:12","date_gmt":"2020-04-18T14:17:12","guid":{"rendered":"https:\/\/txakoliarritxola.com\/?page_id=159"},"modified":"2023-01-13T07:05:49","modified_gmt":"2023-01-13T07:05:49","slug":"destileria","status":"publish","type":"page","link":"https:\/\/txakoliarritxola.com\/?page_id=159","title":{"rendered":"DESTILER\u00cdA"},"content":{"rendered":"\t\t<div data-elementor-type=\"wp-page\" data-elementor-id=\"159\" class=\"elementor elementor-159\">\n\t\t\t\t\t\t<section class=\"elementor-section elementor-top-section elementor-element elementor-element-d648681 elementor-section-boxed elementor-section-height-default elementor-section-height-default\" data-id=\"d648681\" data-element_type=\"section\">\n\t\t\t\t\t\t<div class=\"elementor-container elementor-column-gap-default\">\n\t\t\t\t\t<div class=\"elementor-column elementor-col-100 elementor-top-column elementor-element elementor-element-0a9bfd6\" data-id=\"0a9bfd6\" data-element_type=\"column\">\n\t\t\t<div class=\"elementor-widget-wrap elementor-element-populated\">\n\t\t\t\t\t\t<div class=\"elementor-element elementor-element-a84b44e elementor-widget elementor-widget-heading\" data-id=\"a84b44e\" data-element_type=\"widget\" data-widget_type=\"heading.default\">\n\t\t\t\t<div class=\"elementor-widget-container\">\n\t\t\t<h2 class=\"elementor-heading-title elementor-size-xl\">DESTILERIA <\/h2>\t\t<\/div>\n\t\t\t\t<\/div>\n\t\t\t\t\t<\/div>\n\t\t<\/div>\n\t\t\t\t\t<\/div>\n\t\t<\/section>\n\t\t\t\t<section class=\"elementor-section elementor-top-section elementor-element elementor-element-5d523ffb elementor-section-boxed elementor-section-height-default elementor-section-height-default\" data-id=\"5d523ffb\" data-element_type=\"section\">\n\t\t\t\t\t\t<div class=\"elementor-container elementor-column-gap-default\">\n\t\t\t\t\t<div class=\"elementor-column elementor-col-100 elementor-top-column elementor-element elementor-element-791d5d51\" data-id=\"791d5d51\" data-element_type=\"column\">\n\t\t\t<div class=\"elementor-widget-wrap elementor-element-populated\">\n\t\t\t\t\t\t<div class=\"elementor-element elementor-element-675449f6 elementor-widget elementor-widget-text-editor\" data-id=\"675449f6\" data-element_type=\"widget\" data-widget_type=\"text-editor.default\">\n\t\t\t\t<div class=\"elementor-widget-container\">\n\t\t\t\t\t\t\t<p><span style=\"color: #000000;\"><strong><em>Artesanos destiladores y la influencia de la Dama de Anboto en nuestros productos<\/em><\/strong><\/span><\/p><p>\u00a0<\/p><p><span style=\"color: #000000;\"><strong>Txakoli Arritxola <\/strong>dispone de una destiler\u00eda por<strong> \u201c<\/strong>arrastre de vapor y sistema portugu\u00e9s\u201d cuya energ\u00eda se produce a trav\u00e9s de la le\u00f1a que producen nuestros bosques. No utilizamos combustibles f\u00f3siles y aprovechamos la biomasa de nuestros vi\u00f1edos y restos de poda de los \u00e1rboles de nuestros montes.<\/span><\/p><p><span style=\"color: #000000;\">Una vez destilados los orujos procedentes del prensado de nuestras uvas, los transformamos\u00a0 en compost que fertilizar\u00e1 nuestros vi\u00f1edos m\u00e1s adelante, cerrando el ciclo completo de nuestro trabajo agr\u00edcola.<\/span><\/p><p><img fetchpriority=\"high\" decoding=\"async\" class=\"aligncenter size-full wp-image-532\" src=\"https:\/\/txakoliarritxola.com\/wp-content\/uploads\/2021\/05\/Licores-de-Partovia.jpg\" alt=\"\" width=\"496\" height=\"470\" srcset=\"https:\/\/txakoliarritxola.com\/wp-content\/uploads\/2021\/05\/Licores-de-Partovia.jpg 496w, https:\/\/txakoliarritxola.com\/wp-content\/uploads\/2021\/05\/Licores-de-Partovia-300x284.jpg 300w\" sizes=\"(max-width: 496px) 100vw, 496px\" \/><\/p><p><span style=\"color: #000000;\"><strong><em>En breve procederemos a la puesta en marcha\u00a0<\/em><\/strong><\/span><strong style=\"color: #000000;\"><em>de nuestra destiler\u00eda.<\/em><\/strong><\/p><p><strong style=\"color: #000000;\"><em>Foto. Licores de Partov\u00eda<\/em><\/strong><\/p>\t\t\t\t\t\t<\/div>\n\t\t\t\t<\/div>\n\t\t\t\t\t<\/div>\n\t\t<\/div>\n\t\t\t\t\t<\/div>\n\t\t<\/section>\n\t\t\t\t<section class=\"elementor-section elementor-top-section elementor-element elementor-element-2848938 elementor-section-boxed elementor-section-height-default elementor-section-height-default\" data-id=\"2848938\" data-element_type=\"section\">\n\t\t\t\t\t\t<div class=\"elementor-container elementor-column-gap-default\">\n\t\t\t\t\t<div class=\"elementor-column elementor-col-100 elementor-top-column elementor-element elementor-element-1b36e29\" data-id=\"1b36e29\" data-element_type=\"column\">\n\t\t\t<div class=\"elementor-widget-wrap elementor-element-populated\">\n\t\t\t\t\t\t<div class=\"elementor-element elementor-element-d51777c elementor-align-center elementor-widget elementor-widget-button\" data-id=\"d51777c\" data-element_type=\"widget\" data-widget_type=\"button.default\">\n\t\t\t\t<div class=\"elementor-widget-container\">\n\t\t\t\t\t<div class=\"elementor-button-wrapper\">\n\t\t\t<a class=\"elementor-button elementor-button-link elementor-size-sm\" href=\"https:\/\/tienda.txakoliarritxola.com\/es\/\" target=\"_blank\">\n\t\t\t\t\t\t<span class=\"elementor-button-content-wrapper\">\n\t\t\t\t\t\t\t\t\t<span class=\"elementor-button-text\">Haz clic aqu\u00ed<\/span>\n\t\t\t\t\t<\/span>\n\t\t\t\t\t<\/a>\n\t\t<\/div>\n\t\t\t\t<\/div>\n\t\t\t\t<\/div>\n\t\t\t\t\t<\/div>\n\t\t<\/div>\n\t\t\t\t\t<\/div>\n\t\t<\/section>\n\t\t\t\t<section class=\"elementor-section elementor-top-section elementor-element elementor-element-0c09678 elementor-section-boxed elementor-section-height-default elementor-section-height-default\" data-id=\"0c09678\" data-element_type=\"section\">\n\t\t\t\t\t\t<div class=\"elementor-container elementor-column-gap-default\">\n\t\t\t\t\t<div class=\"elementor-column elementor-col-100 elementor-top-column elementor-element elementor-element-1bdfeb8\" data-id=\"1bdfeb8\" data-element_type=\"column\">\n\t\t\t<div class=\"elementor-widget-wrap elementor-element-populated\">\n\t\t\t\t\t\t<div class=\"elementor-element elementor-element-8a04033 elementor-widget elementor-widget-image\" data-id=\"8a04033\" data-element_type=\"widget\" data-widget_type=\"image.default\">\n\t\t\t\t<div class=\"elementor-widget-container\">\n\t\t\t\t\t\t\t\t\t\t\t\t\t\t<a href=\"https:\/\/tienda.txakoliarritxola.com\/es\/\" target=\"_blank\">\n\t\t\t\t\t\t\t<img decoding=\"async\" width=\"350\" height=\"232\" src=\"https:\/\/txakoliarritxola.com\/wp-content\/uploads\/2020\/04\/venta.jpg\" class=\"attachment-large size-large wp-image-66\" alt=\"\" srcset=\"https:\/\/txakoliarritxola.com\/wp-content\/uploads\/2020\/04\/venta.jpg 350w, https:\/\/txakoliarritxola.com\/wp-content\/uploads\/2020\/04\/venta-300x199.jpg 300w\" sizes=\"(max-width: 350px) 100vw, 350px\" \/>\t\t\t\t\t\t\t\t<\/a>\n\t\t\t\t\t\t\t\t\t\t\t\t\t<\/div>\n\t\t\t\t<\/div>\n\t\t\t\t\t<\/div>\n\t\t<\/div>\n\t\t\t\t\t<\/div>\n\t\t<\/section>\n\t\t\t\t<\/div>\n\t\t","protected":false},"excerpt":{"rendered":"<p>DESTILERIA Artesanos destiladores y la influencia de la Dama de Anboto en nuestros productos \u00a0 Txakoli Arritxola dispone de una destiler\u00eda por \u201carrastre de vapor y sistema portugu\u00e9s\u201d cuya energ\u00eda se produce a trav\u00e9s de la le\u00f1a que producen nuestros bosques. No utilizamos combustibles f\u00f3siles y aprovechamos la biomasa de nuestros vi\u00f1edos y restos de [&hellip;]<\/p>\n","protected":false},"author":1,"featured_media":0,"parent":0,"menu_order":0,"comment_status":"closed","ping_status":"closed","template":"elementor_header_footer","meta":{"om_disable_all_campaigns":false,"_monsterinsights_skip_tracking":false,"_monsterinsights_sitenote_active":false,"_monsterinsights_sitenote_note":"","_monsterinsights_sitenote_category":0,"_uf_show_specific_survey":0,"_uf_disable_surveys":false,"footnotes":""},"class_list":["post-159","page","type-page","status-publish","hentry"],"aioseo_notices":[],"yoast_head":"<!-- This site is optimized with the Yoast SEO plugin v23.5 - https:\/\/yoast.com\/wordpress\/plugins\/seo\/ -->\n<title>DESTILER\u00cdA - Bodega Txakoli Arritxola upategia<\/title>\n<meta name=\"robots\" content=\"index, follow, max-snippet:-1, max-image-preview:large, max-video-preview:-1\" \/>\n<link rel=\"canonical\" href=\"https:\/\/txakoliarritxola.com\/?page_id=159\" \/>\n<meta property=\"og:locale\" content=\"es_ES\" \/>\n<meta property=\"og:type\" content=\"article\" \/>\n<meta property=\"og:title\" content=\"DESTILER\u00cdA - Bodega Txakoli Arritxola upategia\" \/>\n<meta property=\"og:description\" content=\"DESTILERIA Artesanos destiladores y la influencia de la Dama de Anboto en nuestros productos \u00a0 Txakoli Arritxola dispone de una destiler\u00eda por \u201carrastre de vapor y sistema portugu\u00e9s\u201d cuya energ\u00eda se produce a trav\u00e9s de la le\u00f1a que producen nuestros bosques. No utilizamos combustibles f\u00f3siles y aprovechamos la biomasa de nuestros vi\u00f1edos y restos de [&hellip;]\" \/>\n<meta property=\"og:url\" content=\"https:\/\/txakoliarritxola.com\/?page_id=159\" \/>\n<meta property=\"og:site_name\" content=\"Bodega Txakoli Arritxola upategia\" \/>\n<meta property=\"article:modified_time\" content=\"2023-01-13T07:05:49+00:00\" \/>\n<meta property=\"og:image\" content=\"https:\/\/txakoliarritxola.com\/wp-content\/uploads\/2021\/05\/Licores-de-Partovia.jpg\" \/>\n<meta name=\"twitter:card\" content=\"summary_large_image\" \/>\n<meta name=\"twitter:label1\" content=\"Tiempo de lectura\" \/>\n\t<meta name=\"twitter:data1\" content=\"1 minuto\" \/>\n<script type=\"application\/ld+json\" class=\"yoast-schema-graph\">{\"@context\":\"https:\/\/schema.org\",\"@graph\":[{\"@type\":\"WebPage\",\"@id\":\"https:\/\/txakoliarritxola.com\/?page_id=159\",\"url\":\"https:\/\/txakoliarritxola.com\/?page_id=159\",\"name\":\"DESTILER\u00cdA - Bodega Txakoli Arritxola upategia\",\"isPartOf\":{\"@id\":\"https:\/\/txakoliarritxola.com\/#website\"},\"primaryImageOfPage\":{\"@id\":\"https:\/\/txakoliarritxola.com\/?page_id=159#primaryimage\"},\"image\":{\"@id\":\"https:\/\/txakoliarritxola.com\/?page_id=159#primaryimage\"},\"thumbnailUrl\":\"https:\/\/txakoliarritxola.com\/wp-content\/uploads\/2021\/05\/Licores-de-Partovia.jpg\",\"datePublished\":\"2020-04-18T14:17:12+00:00\",\"dateModified\":\"2023-01-13T07:05:49+00:00\",\"breadcrumb\":{\"@id\":\"https:\/\/txakoliarritxola.com\/?page_id=159#breadcrumb\"},\"inLanguage\":\"es\",\"potentialAction\":[{\"@type\":\"ReadAction\",\"target\":[\"https:\/\/txakoliarritxola.com\/?page_id=159\"]}]},{\"@type\":\"ImageObject\",\"inLanguage\":\"es\",\"@id\":\"https:\/\/txakoliarritxola.com\/?page_id=159#primaryimage\",\"url\":\"https:\/\/txakoliarritxola.com\/wp-content\/uploads\/2021\/05\/Licores-de-Partovia.jpg\",\"contentUrl\":\"https:\/\/txakoliarritxola.com\/wp-content\/uploads\/2021\/05\/Licores-de-Partovia.jpg\",\"width\":496,\"height\":470},{\"@type\":\"BreadcrumbList\",\"@id\":\"https:\/\/txakoliarritxola.com\/?page_id=159#breadcrumb\",\"itemListElement\":[{\"@type\":\"ListItem\",\"position\":1,\"name\":\"Portada\",\"item\":\"https:\/\/txakoliarritxola.com\/\"},{\"@type\":\"ListItem\",\"position\":2,\"name\":\"DESTILER\u00cdA\"}]},{\"@type\":\"WebSite\",\"@id\":\"https:\/\/txakoliarritxola.com\/#website\",\"url\":\"https:\/\/txakoliarritxola.com\/\",\"name\":\"Bodega Txakoli Arritxola upategia\",\"description\":\"Txakoli y destilados exclusivos en la Ribera del Ibaizabal\",\"potentialAction\":[{\"@type\":\"SearchAction\",\"target\":{\"@type\":\"EntryPoint\",\"urlTemplate\":\"https:\/\/txakoliarritxola.com\/?s={search_term_string}\"},\"query-input\":{\"@type\":\"PropertyValueSpecification\",\"valueRequired\":true,\"valueName\":\"search_term_string\"}}],\"inLanguage\":\"es\"}]}<\/script>\n<!-- \/ Yoast SEO plugin. -->","yoast_head_json":{"title":"DESTILER\u00cdA - Bodega Txakoli Arritxola upategia","robots":{"index":"index","follow":"follow","max-snippet":"max-snippet:-1","max-image-preview":"max-image-preview:large","max-video-preview":"max-video-preview:-1"},"canonical":"https:\/\/txakoliarritxola.com\/?page_id=159","og_locale":"es_ES","og_type":"article","og_title":"DESTILER\u00cdA - Bodega Txakoli Arritxola upategia","og_description":"DESTILERIA Artesanos destiladores y la influencia de la Dama de Anboto en nuestros productos \u00a0 Txakoli Arritxola dispone de una destiler\u00eda por \u201carrastre de vapor y sistema portugu\u00e9s\u201d cuya energ\u00eda se produce a trav\u00e9s de la le\u00f1a que producen nuestros bosques. No utilizamos combustibles f\u00f3siles y aprovechamos la biomasa de nuestros vi\u00f1edos y restos de [&hellip;]","og_url":"https:\/\/txakoliarritxola.com\/?page_id=159","og_site_name":"Bodega Txakoli Arritxola upategia","article_modified_time":"2023-01-13T07:05:49+00:00","og_image":[{"url":"https:\/\/txakoliarritxola.com\/wp-content\/uploads\/2021\/05\/Licores-de-Partovia.jpg"}],"twitter_card":"summary_large_image","twitter_misc":{"Tiempo de lectura":"1 minuto"},"schema":{"@context":"https:\/\/schema.org","@graph":[{"@type":"WebPage","@id":"https:\/\/txakoliarritxola.com\/?page_id=159","url":"https:\/\/txakoliarritxola.com\/?page_id=159","name":"DESTILER\u00cdA - Bodega Txakoli Arritxola upategia","isPartOf":{"@id":"https:\/\/txakoliarritxola.com\/#website"},"primaryImageOfPage":{"@id":"https:\/\/txakoliarritxola.com\/?page_id=159#primaryimage"},"image":{"@id":"https:\/\/txakoliarritxola.com\/?page_id=159#primaryimage"},"thumbnailUrl":"https:\/\/txakoliarritxola.com\/wp-content\/uploads\/2021\/05\/Licores-de-Partovia.jpg","datePublished":"2020-04-18T14:17:12+00:00","dateModified":"2023-01-13T07:05:49+00:00","breadcrumb":{"@id":"https:\/\/txakoliarritxola.com\/?page_id=159#breadcrumb"},"inLanguage":"es","potentialAction":[{"@type":"ReadAction","target":["https:\/\/txakoliarritxola.com\/?page_id=159"]}]},{"@type":"ImageObject","inLanguage":"es","@id":"https:\/\/txakoliarritxola.com\/?page_id=159#primaryimage","url":"https:\/\/txakoliarritxola.com\/wp-content\/uploads\/2021\/05\/Licores-de-Partovia.jpg","contentUrl":"https:\/\/txakoliarritxola.com\/wp-content\/uploads\/2021\/05\/Licores-de-Partovia.jpg","width":496,"height":470},{"@type":"BreadcrumbList","@id":"https:\/\/txakoliarritxola.com\/?page_id=159#breadcrumb","itemListElement":[{"@type":"ListItem","position":1,"name":"Portada","item":"https:\/\/txakoliarritxola.com\/"},{"@type":"ListItem","position":2,"name":"DESTILER\u00cdA"}]},{"@type":"WebSite","@id":"https:\/\/txakoliarritxola.com\/#website","url":"https:\/\/txakoliarritxola.com\/","name":"Bodega Txakoli Arritxola upategia","description":"Txakoli y destilados exclusivos en la Ribera del Ibaizabal","potentialAction":[{"@type":"SearchAction","target":{"@type":"EntryPoint","urlTemplate":"https:\/\/txakoliarritxola.com\/?s={search_term_string}"},"query-input":{"@type":"PropertyValueSpecification","valueRequired":true,"valueName":"search_term_string"}}],"inLanguage":"es"}]}},"_links":{"self":[{"href":"https:\/\/txakoliarritxola.com\/index.php?rest_route=\/wp\/v2\/pages\/159"}],"collection":[{"href":"https:\/\/txakoliarritxola.com\/index.php?rest_route=\/wp\/v2\/pages"}],"about":[{"href":"https:\/\/txakoliarritxola.com\/index.php?rest_route=\/wp\/v2\/types\/page"}],"author":[{"embeddable":true,"href":"https:\/\/txakoliarritxola.com\/index.php?rest_route=\/wp\/v2\/users\/1"}],"replies":[{"embeddable":true,"href":"https:\/\/txakoliarritxola.com\/index.php?rest_route=%2Fwp%2Fv2%2Fcomments&post=159"}],"version-history":[{"count":19,"href":"https:\/\/txakoliarritxola.com\/index.php?rest_route=\/wp\/v2\/pages\/159\/revisions"}],"predecessor-version":[{"id":554,"href":"https:\/\/txakoliarritxola.com\/index.php?rest_route=\/wp\/v2\/pages\/159\/revisions\/554"}],"wp:attachment":[{"href":"https:\/\/txakoliarritxola.com\/index.php?rest_route=%2Fwp%2Fv2%2Fmedia&parent=159"}],"curies":[{"name":"wp","href":"https:\/\/api.w.org\/{rel}","templated":true}]}}